{"id":11,"date":"2020-01-04T22:40:02","date_gmt":"2020-01-04T22:40:02","guid":{"rendered":"http:\/\/adalbert-detering.de\/?page_id=11"},"modified":"2022-10-25T10:06:46","modified_gmt":"2022-10-25T10:06:46","slug":"blog-auf-dein-wort","status":"publish","type":"page","link":"https:\/\/adalbert-detering.de\/","title":{"rendered":"Home: Adalbert Detering"},"content":{"rendered":"\n<p>Herzlich willkommen auf meiner Internet-Seite<\/p>\n\n\n<div class=\"wp-block-image\">\n<figure class=\"alignright size-medium\"><img loading=\"lazy\" decoding=\"async\" width=\"237\" height=\"300\" src=\"https:\/\/adalbert-detering.de\/wp-content\/uploads\/2020\/01\/ad18-237x300.png\" alt=\"\" class=\"wp-image-79\" srcset=\"https:\/\/adalbert-detering.de\/wp-content\/uploads\/2020\/01\/ad18-237x300.png 237w, https:\/\/adalbert-detering.de\/wp-content\/uploads\/2020\/01\/ad18-807x1024.png 807w, https:\/\/adalbert-detering.de\/wp-content\/uploads\/2020\/01\/ad18-768x974.png 768w, https:\/\/adalbert-detering.de\/wp-content\/uploads\/2020\/01\/ad18.png 1028w\" sizes=\"(max-width: 237px) 100vw, 237px\" \/><\/figure><\/div>\n\n\n<p>Ich bin Pfarrer i.R., zuletzt in der evangelischen Kirche von Westfalen im Kirchenkreis L\u00fcbbecke und dort in der ev.-luth. <a rel=\"noreferrer noopener\" aria-label=\"Kirchengemeinde Frotheim-Isenstedt (\u00f6ffnet in neuem Tab)\" href=\"http:\/\/isenstedt-frotheim.de\" target=\"_blank\">Kirchengemeinde Frotheim-Isenstedt<\/a> t\u00e4tig gewesen.<\/p>\n\n\n\n<p>Auf dieser Homepage kann man noch ein bisschen mehr erfahren \u00fcber mich und meinen Beruf.<\/p>\n\n\n\n<p>Daneben gibt es hier noch die \u201e<a href=\"https:\/\/web-weide.de\">Web-Weide<\/a>\u201c, wo ich Texte, Bilder und Musik ver\u00f6ffentliche, die mir selbst gefallen, gut tun und Orientierung geben oder die ich selbst verfasst habe. Ich hoffe, dass alle die hier vorbeikommen etwas Aufbauendes und Weiterf\u00fchrendes f\u00fcr ihren Glauben und ihr Leben finden.<\/p>\n\n\n\n<p>Au\u00dferdem den Blog <a href=\"https:\/\/auf-dein-wort.de\">&#8222;Auf dein Wort&#8230;&#8220;<\/a>, wo ich zu aktuellen Projekten blogge.<\/p>\n\n\n\n<p>\u00dcber R\u00fcckmeldungen freue ich mich! F\u00fcr Feedback, Kritik, Lob oder einfach f\u00fcr Anmerkungen erreichen Sie mich unter dieser Adresse:<\/p>\n\n\n\n<p>pfarrer@adalbert-detering.de<\/p>\n","protected":false},"excerpt":{"rendered":"<p>Herzlich willkommen auf meiner Internet-Seite Ich bin Pfarrer i.R., zuletzt in der evangelischen Kirche von Westfalen im Kirchenkreis L\u00fcbbecke und dort in der ev.-luth. Kirchengemeinde Frotheim-Isenstedt t\u00e4tig gewesen. Auf dieser Homepage kann man noch ein bisschen mehr erfahren \u00fcber mich und meinen Beruf. Daneben gibt es hier noch die \u201eWeb-Weide\u201c, wo ich Texte, Bilder und &#8230; <span class=\"more\"><a class=\"more-link\" href=\"https:\/\/adalbert-detering.de\/\">[Read more&#8230;]<\/a><\/span><\/p>\n","protected":false},"author":1,"featured_media":0,"parent":0,"menu_order":0,"comment_status":"closed","ping_status":"closed","template":"","meta":{"footnotes":""},"jetpack_sharing_enabled":true,"_links":{"self":[{"href":"https:\/\/adalbert-detering.de\/index.php?rest_route=\/wp\/v2\/pages\/11"}],"collection":[{"href":"https:\/\/adalbert-detering.de\/index.php?rest_route=\/wp\/v2\/pages"}],"about":[{"href":"https:\/\/adalbert-detering.de\/index.php?rest_route=\/wp\/v2\/types\/page"}],"author":[{"embeddable":true,"href":"https:\/\/adalbert-detering.de\/index.php?rest_route=\/wp\/v2\/users\/1"}],"replies":[{"embeddable":true,"href":"https:\/\/adalbert-detering.de\/index.php?rest_route=%2Fwp%2Fv2%2Fcomments&post=11"}],"version-history":[{"count":17,"href":"https:\/\/adalbert-detering.de\/index.php?rest_route=\/wp\/v2\/pages\/11\/revisions"}],"predecessor-version":[{"id":94,"href":"https:\/\/adalbert-detering.de\/index.php?rest_route=\/wp\/v2\/pages\/11\/revisions\/94"}],"wp:attachment":[{"href":"https:\/\/adalbert-detering.de\/index.php?rest_route=%2Fwp%2Fv2%2Fmedia&parent=11"}],"curies":[{"name":"wp","href":"https:\/\/api.w.org\/{rel}","templated":true}]}}