{"id":43,"date":"2020-01-05T18:03:35","date_gmt":"2020-01-05T18:03:35","guid":{"rendered":"http:\/\/adalbert-detering.de\/?page_id=43"},"modified":"2020-01-05T18:53:01","modified_gmt":"2020-01-05T18:53:01","slug":"in-sieben-schritten-zur-predigt","status":"publish","type":"page","link":"https:\/\/adalbert-detering.de\/?page_id=43","title":{"rendered":"In sieben Schritten zur Predigt"},"content":{"rendered":"\n<blockquote class=\"wp-block-quote is-layout-flow wp-block-quote-is-layout-flow\"><p><em>Vorbemerkung:<\/em> Meine kleine Predigtwerkstatt \nentstand aus dem Reflektieren neuerer homiletischer Fachliteratur in \neinem Lekt\u00fcrekurs im Summer Sabbatical 2006 an der Universit\u00e4t \nGreifswald (U.Harder) einerseits, der eigenen pers\u00f6nlichen Predigtpraxis\n andererseits. In sieben Schritten entsprechend den sieben Wochentagen \nformt sich die  Predigt. In jedem Schritt wird ein Aspekt aufbauend auf \nden anderen  bedacht. Jeder Arbeitsschritt wird beschrieben und eine \nZielsetzung f\u00fcr  ein Arbeitsergebnis wird vorgegeben. Das ist sozusagen \ndie Idealform. In  der Realit\u00e4t wird oft nicht ein Schritt konsequent \nnach dem anderen  vollzogen werden, auch wird man vielleicht nicht jeden\n Tag an der  Predigt dran bleiben k\u00f6nnen. Au\u00dferdem k\u00f6nnen gerade durch \nein Vor- und  Zur\u00fcckgehen zwischen den einzelnen Schritten im \nEntstehungsprozess der  Predigt wertvolle Gedanken und Erkenntnisse \nentstehen. Aber die sieben  Arbeitsschritte sind f\u00fcr  eine gute Predigt \nletztlich doch alle zu  bedenken und bearbeiten.<\/p><\/blockquote>\n\n\n\n<h3 class=\"wp-block-heading\">O. (Grunds\u00e4tzliches und Pers\u00f6nliches)<\/h3>\n\n\n\n<h3 class=\"wp-block-heading\">Predigtmotivation: wen und warum predige ich ?<\/h3>\n\n\n\n<p><em>(Vergewisserung)<\/em><\/p>\n\n\n\n<p>Ich predige leidenschaftlich gern. Nicht irgendetwas, sondern einen \nNamen: den Namen Jesus. Jede Predigt ist eine Umschreibung und ein \nBekenntnis dieses Namens. Denn in diesem Namen hat Gott sein heilendes \nund rettendes Handeln an uns zugesagt. Darum ist meine Leidenschaft, \ndiesen Namen zu predigen. In einer Neujahrs-Kantate Bachs (BWV 171) \nhei\u00dft es: <em>\u201eFort und fort lacht sein Nam\u2018 in meinem Munde\u201c<\/em> oder im Pfingstlied bitten wir: <em>\u201eLass die Zunge brennen, wenn wir Jesus nennen, f\u00fchr den Geist empor\u201c<\/em>\n (EG 135,3). Darum beginnt jede Arbeit an der Predigt mit dem Gebet: \n\u201eVeni Creator Spiritus\u201c (Komm, Sch\u00f6pfer Heiliger Geist). Denn nur er \nkann uns in alle Wahrheit leiten, die im Namen von Jesus verborgen, \nzugleich offenkundig und deshalb zu predigen ist.<\/p>\n\n\n\n<h3 class=\"wp-block-heading\">I. (Montag)<\/h3>\n\n\n\n<h3 class=\"wp-block-heading\">Predigtanlass: wem, wann, wo und weshalb predige ich ?<\/h3>\n\n\n\n<p><em> (Situationsanalyse)<\/em><\/p>\n\n\n\n<p><strong>Arbeitsschritt:<\/strong> Das Thema der Predigt zwischen Bibel und Gemeinde bedenken<br>\n<strong>Zielsetzung:<\/strong> Predigttextwahl mit homiletischer Begr\u00fcndung<\/p>\n\n\n\n<p>Wahrnehmen: Was bestimmt die Situation des Gottesdienstes und damit der Predigt ?<\/p>\n\n\n\n<ul><li>Prediger: Was bewegt mich selbst zur Zeit? An welchem Thema bin ich innerlich dran?<\/li><li>Tagesgespr\u00e4ch: Was liegt am Ort in der Luft? Was bewegt die Menschen hier gerade?<\/li><li>Medien: Welche Fragen werfen die Medien zur Zeit auf? Was bestimmt die Meinungsbildung?<\/li><li>Gemeinde: Wer genau und wie viele werden voraussichtlich&nbsp;da sein? Was brauchen diese Menschen?<\/li><li>Gottesdienst: Was sind die liturgischen Vorgaben? Was geschieht noch im Gottesdienst?<\/li><li>Kirchenjahr: Was sieht die Predigtreihenordnung vor? Welchen thematischen Schwerpunkt hat der Gottesdienst?<\/li><li>Anlass: Liegt ein besonderer Anlass vor? Ist ein Thema oder Text von daher vorgegeben oder nahe liegend?<\/li><\/ul>\n\n\n\n<p>Innerlich h\u00f6ren, bedenken und entscheiden:<\/p>\n\n\n\n<ul><li>Was liegt davon oben auf?<\/li><li>Erscheint etwas vor Gott davon relevant?<\/li><li>Legen sich Schwerpunkte nahe?<\/li><li>Stellen sich m\u00f6gliche Bibeltexte f\u00fcr die Predigt ein?<\/li><li>Was ist vor Gott von Gott und von ihm her zu bedenken?<\/li><li>Was ist mir f\u00fcr die Menschen aufs Herz gelegt?<\/li><li>Wor\u00fcber h\u00e4tte ich besondere Freude zu predigen ?<\/li><\/ul>\n\n\n\n<blockquote class=\"wp-block-quote is-layout-flow wp-block-quote-is-layout-flow\"><p><em>Anmerkung:<\/em> <em>Der Predigttext bestimmt sich \nnicht  automatisch durch die Perikopenordnung, sondern ist im Einzelfall\n zu  finden und zu begr\u00fcnden.<\/em><\/p><\/blockquote>\n\n\n\n<p><em>Hilfsmittel: Gottesdienstbuch, liturgische Literatur<br>\n<\/em><\/p>\n\n\n\n<h3 class=\"wp-block-heading\">II. (Dienstag)<\/h3>\n\n\n\n<h3 class=\"wp-block-heading\">Predigttext: von woher und worauf hin predige ich?<\/h3>\n\n\n\n<p><em>(Exegese)<\/em><\/p>\n\n\n\n<p><strong>Arbeitsschritt: <\/strong>Die Wortwirklichkeit des Textes erfassen<br>\n<strong>Zielsetzung:<\/strong> Eine strukturierte \u00dcbersetzung anfertigen<\/p>\n\n\n\n<p>Wahrnehmen:<\/p>\n\n\n\n<ul><li>Welche Verstehensschwierigkeiten gibt es?<\/li><li>Welche Vorverst\u00e4ndnisse gibt es heute?<em> ([selbst-]kritisch zu reflektieren!)<\/em><\/li><li>Was ist der biblische Kontext?<\/li><li>Welche Abgrenzung erscheint sinnvoll?<\/li><li>In welchen biblisch-theologischen Zusammenh\u00e4ngen steht der Text?<\/li><li>Literaturgeschichtliche Analyse: Form, Redaktion, \u00dcberlieferung \u2026<\/li><li>Was l\u00e4sst sich \u00fcber den Autor, die Empf\u00e4nger und die Intention  des Textes sagen?<\/li><li>Wie ist der Inhalt des Textes historisch einzuordnen und zu verstehen?<\/li><\/ul>\n\n\n\n<p>Erarbeiten: Eine strukturierte \u00dcbersetzung<\/p>\n\n\n\n<p><em>Hilfsmittel: Kommentare, exegetische Literatur<\/em><\/p>\n\n\n\n<h3 class=\"wp-block-heading\">III. (Mittwoch)<\/h3>\n\n\n\n<h3 class=\"wp-block-heading\">Predigtgehalt: wor\u00fcber und wozu predige ich ?<\/h3>\n\n\n\n<p><em>(Meditation)<\/em><\/p>\n\n\n\n<p><strong>Arbeitsschritt:<\/strong> Den Inhalt und die Intention der Predigt \u201eerh\u00f6ren\u201c<br>\n<strong>Zielsetzung:<\/strong> Ein griffiges und anregendes Thema der Predigt formulieren<\/p>\n\n\n\n<p>Wahrnehmen und reflektieren:<\/p>\n\n\n\n<ul><li>Der Predigttext angesichts des Predigers: Was hat der Predigttext mir pers\u00f6nlich zu sagen ? (Pers\u00f6nliche Besinnung)<\/li><li>Der Predigttext angesichts der Gemeinde: Welche existentielle Frage der H\u00f6rer wird aufgenommen ? (Homiletische Betrachtung)<\/li><li>Der Predigttext angesichts des rechtfertigenden Gottes: Absicht der \nPredigt kl\u00e4ren: was will ich mit der Predigt erreichen ? (Theologische \nEntscheidung)<\/li><\/ul>\n\n\n\n<p>Ergebnis sichern: Wie l\u00e4sst sich das zu Predigende thematisch auf den Punkt bringen ? Dies in ein bis drei S\u00e4tzen formulieren.<\/p>\n\n\n\n<p><em>Hilfsmittel: Homiletische Literatur<\/em><\/p>\n\n\n\n<h3 class=\"wp-block-heading\">IV. (Donnerstag)<\/h3>\n\n\n\n<h3 class=\"wp-block-heading\">Predigtidee: womit und wodurch predige ich ?<\/h3>\n\n\n\n<p><em>(Kreativit\u00e4t)<\/em><\/p>\n\n\n\n<p><strong>Arbeitsschritt:<\/strong> \u201eTitel und Mittel\u201c<em> (Martin Nicol)<\/em> zur Gestaltung der Predigt finden<br>\n<strong>Zielsetzung:<\/strong> Anregende (Unter-)Titel formulieren und dazugeh\u00f6rige Sinneinheiten skizzieren<\/p>\n\n\n\n<p>Brainstorming: Den Dialog mit der Erfahrungswelt der H\u00f6rer suchen, z.B.:<\/p>\n\n\n\n<ul><li>Welche \u201eKon-Texte\u201c, d.h. welche heutigen Texte gibt es, die das \nThema der Predigt ber\u00fchren? (Zeitungsartikel, Gedichte, Geschichten, \nRomane, Sprichworte, Redewendungen)<\/li><li>Stellen sich passende Bilder oder Metaphern ein?<\/li><li>Gibt es Ereignisse oder Geschichten, die mit dem Text korrespondieren?<\/li><li>Welche erz\u00e4hlerischen Perspektiven zum Text sind m\u00f6glich?<\/li><li>Lassen sich Szenen ausgestalten?<\/li><li>usw.<\/li><\/ul>\n\n\n\n<p>Erfinden:&nbsp; Formulierungen<\/p>\n\n\n\n<ul><li>die den Bibeltext mit der Erfahrungswelt der Predigth\u00f6rer in Verbindung bringen<\/li><li>einen Erkenntnisgewinn versprechen<\/li><li>\u00fcberraschende Einsichten bieten<\/li><li>die eing\u00e4ngig und merkbar sind<\/li><li>die u.U. geeignet sind, die Predigt zu strukturieren<\/li><\/ul>\n\n\n\n<p><em>Hilfsmittel: Predigtb\u00e4nde, Materialsammlung<\/em><\/p>\n\n\n\n<h3 class=\"wp-block-heading\">V. (Freitag)<\/h3>\n\n\n\n<h3 class=\"wp-block-heading\">Predigtentwurf: wie predige ich was ?<\/h3>\n\n\n\n<p><em>(Rhetorik)<\/em><\/p>\n\n\n\n<p><strong>Arbeitsschritt:<\/strong> Die Teile und das Ganze in Beziehung setzen (Spannungsb\u00f6gen gestalten)<br>\n<strong>Zielsetzung:<\/strong> Ausf\u00fchrliche Disposition (so wenig wie m\u00f6glich, so viel wie n\u00f6tig) aufschreiben<\/p>\n\n\n\n<p>Gestalten: Folgerichtige und spannende Anordnung der Predigtelemente<\/p>\n\n\n\n<ul><li>Einstieg (Abholen der Zuh\u00f6rer, Hinf\u00fchrung zum Thema und Text der Predigt)<\/li><li>Frage oder Thema der Predigt<\/li><li>Die einzelnen Sinneinheiten (Gestaltung und Anordnung)<\/li><li>\u00dcberg\u00e4nge der einzelnen Sinneinheiten (Gelenkstellen)<\/li><li>Schluss (Zusammenfassung, Zuspitzung)<\/li><\/ul>\n\n\n\n<p><em>Hilfsmittel: Mindmapping<\/em><\/p>\n\n\n\n<blockquote class=\"wp-block-quote is-layout-flow wp-block-quote-is-layout-flow\"><p><em>Anmerkung:<\/em> <em>Es ist gut, diesen Predigtentwurf\n ruhen und sich setzen zu lassen, um ihn sich mit einer zeitlichen \nDistanz noch einmal kritisch vorzunehmen:<br>\n<\/em><\/p><\/blockquote>\n\n\n\n<h3 class=\"wp-block-heading\">VI. (Samstag)<\/h3>\n\n\n\n<h3 class=\"wp-block-heading\">Predigtverantwortung: was predige ich wie ?<\/h3>\n\n\n\n<p><em>(Revision)<\/em><\/p>\n\n\n\n<p><strong>Arbeitsschritt:<\/strong> Den Predigtentwurf konkretisieren und korrigieren<br>\n<strong>Zielsetzung:<\/strong> Die Predigt ausformulieren und aneignen<\/p>\n\n\n\n<p>\u00dcberdenken und Pr\u00fcfen des Predigtentwurfs auf:<\/p>\n\n\n\n<ul><li>Redundanz und Klarheit<\/li><li>vermutliche L\u00e4nge der Predigt<\/li><li>Homiletische Zielsicherheit<\/li><li>Liebe zu den H\u00f6rern und Humor<\/li><li>Detailgenauigkeit und Richtigkeit<\/li><li>Sprachliche Stimmigkeit<\/li><li>Theologische Richtigkeit (Gesetz und Evangelium)<\/li><li>Kritische Empathie<\/li><\/ul>\n\n\n\n<p>Ausformulieren und einpr\u00e4gen durch wiederholtes Lesen und Durchdenken<\/p>\n\n\n\n<h3 class=\"wp-block-heading\">VII. (Sonntag)<\/h3>\n\n\n\n<h3 class=\"wp-block-heading\">Predigt: als wer predige ich ?<\/h3>\n\n\n\n<p><em>(Pr\u00e4senz)<\/em><\/p>\n\n\n\n<p><strong>Arbeitsschritt:<\/strong> Halten der Predigt als berufener Verk\u00fcndiger des Wortes Gottes<br>\n<strong>Zielsetzung<\/strong>: Befreites Reden im Vertrauen auf Gottes Geistesgegenwart<\/p>\n\n\n\n<p>Predigen:<\/p>\n\n\n\n<ul><li>In der Erwartungshaltung, dass Gott selbst durch mich spricht (Gebet)<\/li><li>Den Predigtinhalt (im Ged\u00e4chtnis) pr\u00e4sent habend<\/li><li>Frei sprechend<\/li><li>H\u00f6rer wahrnehmend und evtl. darauf reagierend<\/li><li>Zupackend, liebevoll und mutig<\/li><li>Ein gutes, schnelles Ende findend<\/li><\/ul>\n\n\n\n<p>Nach der Predigt:<\/p>\n\n\n\n<ul><li>Inneres Loslassen: Gott \u00fcberlassen, was er bei den H\u00f6rern daraus macht (Gebet)<\/li><li>Eventuelle positive oder negative Reaktionen wahr- und annehmen, \nsich  aber Zeit geben, sie in Ruhe zu reflektieren und daraus zu lernen<\/li><li> Selbst glauben und befolgen, was man gepredigt hat<\/li><\/ul>\n","protected":false},"excerpt":{"rendered":"<p>Vorbemerkung: Meine kleine Predigtwerkstatt entstand aus dem Reflektieren neuerer homiletischer Fachliteratur in einem Lekt\u00fcrekurs im Summer Sabbatical 2006 an der Universit\u00e4t Greifswald (U.Harder) einerseits, der eigenen pers\u00f6nlichen Predigtpraxis andererseits. In sieben Schritten entsprechend den sieben Wochentagen formt sich die Predigt. In jedem Schritt wird ein Aspekt aufbauend auf den anderen bedacht. Jeder Arbeitsschritt wird beschrieben &#8230; <span class=\"more\"><a class=\"more-link\" href=\"https:\/\/adalbert-detering.de\/?page_id=43\">[Read more&#8230;]<\/a><\/span><\/p>\n","protected":false},"author":1,"featured_media":52,"parent":0,"menu_order":3,"comment_status":"closed","ping_status":"closed","template":"","meta":{"footnotes":""},"jetpack_sharing_enabled":true,"_links":{"self":[{"href":"https:\/\/adalbert-detering.de\/index.php?rest_route=\/wp\/v2\/pages\/43"}],"collection":[{"href":"https:\/\/adalbert-detering.de\/index.php?rest_route=\/wp\/v2\/pages"}],"about":[{"href":"https:\/\/adalbert-detering.de\/index.php?rest_route=\/wp\/v2\/types\/page"}],"author":[{"embeddable":true,"href":"https:\/\/adalbert-detering.de\/index.php?rest_route=\/wp\/v2\/users\/1"}],"replies":[{"embeddable":true,"href":"https:\/\/adalbert-detering.de\/index.php?rest_route=%2Fwp%2Fv2%2Fcomments&post=43"}],"version-history":[{"count":1,"href":"https:\/\/adalbert-detering.de\/index.php?rest_route=\/wp\/v2\/pages\/43\/revisions"}],"predecessor-version":[{"id":44,"href":"https:\/\/adalbert-detering.de\/index.php?rest_route=\/wp\/v2\/pages\/43\/revisions\/44"}],"wp:featuredmedia":[{"embeddable":true,"href":"https:\/\/adalbert-detering.de\/index.php?rest_route=\/wp\/v2\/media\/52"}],"wp:attachment":[{"href":"https:\/\/adalbert-detering.de\/index.php?rest_route=%2Fwp%2Fv2%2Fmedia&parent=43"}],"curies":[{"name":"wp","href":"https:\/\/api.w.org\/{rel}","templated":true}]}}